What are the prime factors of u?
3, 11
Let p = 14 - -12. Let z = -23 + p. List the prime factors of 124/z - 12/(-18).
2, 3, 7
Let s(o) = o**2 - 14*o + 46. Let b be s(9). List the prime factors of 2326/14 + b/(-7).
2, 83
Let q be 4/(-10) - 6/(-15). Suppose 0 = -5*u - 25, -4*x + u + u + 242 = q. List the prime factors of x.
2, 29
Suppose -c - c = -322. Let v be ((-108)/(-28) - 3)*c. Suppose -5*x = 3*y - v, 2*x + 4*y = 54 + 4. List the prime factors of x.
3
Let n = 196 + -107. Suppose 0 = -5*c + 15, 5*j + 5*c = 1184 - n. What are the prime factors of j?
2, 3
Let m = -11 - -13. Suppose -5*p - 37 = -2*z, 3*z - 9 = -m*p - 1. What are the prime factors of ((-4)/z)/((-4)/36)?
2, 3
Let p(n) be the second derivative of -n**3/6 + 9*n**2/2 + 11*n. Let g be p(5). Suppose -5*v = -g*y - 310, y = 4*v - 174 - 74. What are the prime factors of v?
2, 31
Suppose -20*w = -14*w - 30. Let b(g) = -g**3 + 6*g**2 + 4*g - 6. List the prime factors of b(w).
3, 13
List the prime factors of -1795*(36/(-10))/9.
2, 359
Let l(g) = 13*g**2 + 2*g. List the prime factors of l(-1).
11
Suppose -5*w - 50 = -5*d, 2*w + d = -4 - 4. What are the prime factors of ((-123)/w)/(2/8)?
2, 41
Let q(y) = 2570*y**3 + y**2 + 33*y - 35. What are the prime factors of q(1)?
7, 367
Let h(l) = 35*l - 72*l + 35*l + 27 - l**2. List the prime factors of h(0).
3
Suppose -25 = -67*g + 62*g. Let n(u) = 4*u**2 - 8*u + 4. List the prime factors of n(g).
2
List the prime factors of (-924615)/(-297) + 6/(-33).
11, 283
List the prime factors of -1*(0 + 3 + -4 + -1510).
1511
Suppose -334 = -3*i + 245. Suppose -4*o = -i + 45. Suppose f - m + 3 = -6*m, 5*m + o = f. List the prime factors of f.
17
Let a = 2930 + 22. List the prime factors of a.
2, 3, 41
Let n(v) = -44*v**3 + 3*v - 2. Suppose -2*o - 3 = -b, -6*o = -2*o + 2*b - 14. Let u be n(o). Let s = -14 - u. List the prime factors of s.
29
Let n be (112/(-32))/((-1)/2). Suppose 0 = n*f + 7 - 35. Suppose -f*z + 16 = -0. List the prime factors of z.
2
Let i(p) be the first derivative of -p**4/4 - 4*p**3 - 7*p**2/2 - 11*p - 12. List the prime factors of i(-12).
73
Suppose 13*p + 24 = 10*p. Let t = p + 12. Suppose 0 = t*d - 2*d - 38. List the prime factors of d.
19
Let q = 199 - 96. What are the prime factors of (q - -1)*39/39?
2, 13
Suppose 0 = -j + 53 - 51. List the prime factors of (-3)/j*196/(-3).
2, 7
Suppose 0 = 2*g - 0*g - 42. Suppose g*o - 20*o = -48. Let n = o + 77. List the prime factors of n.
29
Suppose 18 = 3*h - 9. Suppose -h*i + 135 + 1719 = 0. List the prime factors of i.
2, 103
Suppose 0 = -d - 4*o + 22, -1 = -3*d - 3*o + 20. Suppose 5*t - 351 = -d*q, -5*q - 12 = -2. List the prime factors of t.
71
Suppose 32373 = 23*o - 59351. What are the prime factors of o?
2, 997
Suppose 1682 = -0*l + 5*l + 2*n, 4*l - 1332 = -5*n. What are the prime factors of l?
2, 13
Let r(b) = 9*b**2 - 8*b - 19. List the prime factors of r(-8).
3, 23
Let b(w) = -w**3 - 3*w**2 + 17*w + 15. What are the prime factors of b(-7)?
2, 23
Let f(n) = -10*n**3 - n**2 + 2*n - 5. What are the prime factors of f(-3)?
2, 5
Let g be (-1 - -1)/((-7)/(-7)). Let n be 1/(-3*(-2)/192). Suppose -2*b + 12 + n = g. List the prime factors of b.
2, 11
Let p(s) = -4*s**3 - 1. Let q(l) = l**3 + 8*l**2 + 6*l - 8. Let f be q(-7). Let w be p(f). List the prime factors of w/((-9)/(-6)) + 11.
13
Let n = 29 + -27. Suppose -n*t = -6*t. Suppose -5*u - h + 40 = -t*h, 0 = 5*h. List the prime factors of u.
2
List the prime factors of (780/(-80))/(6/(-16)).
2, 13
Let l be 1/((-4)/24*2). Let k = l - -6. Suppose 5*g = -y + 2*g + 11, 0 = k*y - 3*g - 45. List the prime factors of y.
2, 7
Let w = -329 - -742. What are the prime factors of w?
7, 59
Suppose 0 = k - 2*k + 4. Suppose -2*l = -3*i + 7*i - 84, k*l - 21 = -i. Suppose -2*c - 9 = 5*r, -c - r - i = -3*c. List the prime factors of c.
2
Let t = -54 + 56. Suppose t*o = -3*v + 159, -2*v + 164 = 2*o + 2*v. List the prime factors of o.
2, 3
Let r(f) be the third derivative of f**5/60 - 17*f**4/24 + 11*f**3/6 + 4*f**2. Let i be r(16). Let l = i - -25. List the prime factors of l.
2, 5
Suppose -l + 1 + 2 = 0. Suppose 3*i + l*g - g = 78, 5*i = 2*g + 114. What are the prime factors of i?
2, 3
Suppose 3*m - 4 = 5. Suppose a + m*a = 0. Suppose 141 = 4*w - 0*g - 5*g, -w + 5*g + 54 = a. What are the prime factors of w?
29
Suppose 0 = 3*y - 2*v - 6, -2*v = 3*y - 5*v - 6. List the prime factors of -3 - (4 + (-9)/y)*568.
281
Let w = 194 - 46. Suppose 4*v = a - w, -3*a - v = -363 - 120. What are the prime factors of a?
2, 5
Let x be ((-2)/2)/(-7 + 6) + 3. Suppose -t - 4*t - 5*p = -775, -2*t + 316 = x*p. What are the prime factors of t?
2, 19
Let l(c) = 30*c**2 + 4*c + 4. Let k be l(-1). Let w = -14 + k. What are the prime factors of w?
2
Let g = 26 - 32. List the prime factors of ((-2)/g)/(11/33) + 176.
3, 59
Suppose 1197 = -6*y + 1503. What are the prime factors of y?
3, 17
Suppose -2 + 8 = 3*n. Let k(b) = -2*b + 10*b**n + 0*b - 2*b + 1 + 2*b. List the prime factors of k(1).
3
Suppose 14*b - 7913 = -2705. What are the prime factors of b?
2, 3, 31
List the prime factors of ((-18)/(-15) - 1) + 8814/5.
41, 43
Let h(r) = -4*r + 32. Let f be h(5). Let v(x) = -x**3 + 11*x**2 + 18*x + 5. What are the prime factors of v(f)?
7, 11
Let r = -11 - 8. Let l = r + 100. What are the prime factors of l?
3
Let h = -9 - -3. Let c be ((-12)/(-3))/(-2) + -22. List the prime factors of 4/c - 385/h.
2
Suppose 3*y - 59 = 5*r, -4*y + 2*y = 4. Let i be (5/(-10))/(1/(-78)). Let f = r + i. What are the prime factors of f?
2, 13
Let f(j) = j**3 - 39*j**2 + 42*j - 104. List the prime factors of f(38).
2, 3
Suppose 0 = -4*y + 3*g - 5*g + 80, -y = -g - 26. Suppose 8 = -y*h + 24*h. List the prime factors of h.
2
Suppose -4*x - 2*s + 186 = 0, -4*s - 13 = -1. Let z be x/(-40)*100/(-6). Let a = 21 + z. What are the prime factors of a?
41
Let m = -28 - -34. Suppose 24 = 7*y - m*y. List the prime factors of y.
2, 3
Let k(w) = 2*w**3 + 14*w - 2 - 3*w**3 - 7*w + 6*w**2. Let o be k(6). Suppose -o = -5*c + 55. List the prime factors of c.
19
Suppose -11*g + 180 = g. What are the prime factors of g?
3, 5
Suppose 1 = 3*d - 2, 5*d = 5*t + 55. Let l be t/(-5) + (-3)/(-3). Suppose l*n = 5*w - 126 - 24, -2*w + 5*n = -41. What are the prime factors of w?
3, 11
Let t(v) = 19*v**2 + 10*v + 40. What are the prime factors of t(8)?
2, 167
Let q(z) = z**2 + 3*z + 1. Let g(y) = -y. Suppose 0 = 7*r - 9*r + 2. Let d(v) = r*q(v) + 2*g(v). List the prime factors of d(-4).
13
List the prime factors of (-4)/(-6)*((-3213)/(-6) - -6).
19
Suppose 4*s + 3140 = 2*j, 4*j - 3*s - 7730 = -1450. List the prime factors of j.
2, 5, 157
Let f = 205 - 1. Suppose -25 = -2*p - 7. What are the prime factors of (f/p)/((-12)/(-18))?
2, 17
Suppose 3*c - 4*d + 4 = -6, 0 = 3*d - 3. Let u = -478 + 484. List the prime factors of (-65 + u + -3)/c.
31
Let m(z) = z**3 + 16*z**2 - 86*z - 22. What are the prime factors of m(-19)?
23
Let z = -2777 + 2929. List the prime factors of z.
2, 19
Let z = -5 + -27. Let g = 80 + z. What are the prime factors of 640/g - 4/(-6)?
2, 7
Let k = 20 - -35. What are the prime factors of k?
5, 11
Let t(g) = g**3 - 14*g**2 + 6*g + 211. What are the prime factors of t(21)?
2, 107
Let t(q) = q**2 - q - 10. Let i(f) be the first derivative of f**2 - 11*f - 1. Let w be i(9). List the prime factors of t(w).
2
Let d(v) = 3*v**2 + 6. Let b be d(4). Let a = -33 + b. List the prime factors of a.
3, 7
Suppose -157 = -15*z - 7. Suppose -z*j + 1093 = 243. List the prime factors of j.
5, 17
What are the prime factors of 15/(15/(-5)) + 488 + 4?
487
Suppose 15*a + 5892 = 47172. List the prime factors of a.
2, 43
Let i = -424 - -598. What are the prime factors of i?
2, 3, 29
Let u(k) = 2*k**2 - 9*k + 5. Suppose -5*c = 2*i - 3*i - 21, 4*c = -2*i + 14. Let s be u(c). Let d = s - -21. List the prime factors of d.
2, 11
Suppose 2*x - 4*k = -10, -8 = 2*x - 5*k - 0*k. Let y(p) = -p**2 - p + 1. Let h be y(3). Let r = x - h. List the prime factors of r.
2
Let c(a) = -366*a - 33. List the prime factors of c(-2).
3, 233
Suppose 0*r + 5*r = -5*m + 5030, 5*m + 3*r = 5032. What are the prime factors of m?
19, 53
Suppose -n = 3*a - 506, 4*a + 2*n - 505 = a. What are the prime factors of a?
13
Let n(p) = p**3 - 10*p**2 - 11*p + 3. Let a be n(11). Let t be a + 1 